 Is i a prime number?
False
Suppose -u + 5*z - 222 = 0, -871 = 2*u + 2*u - 3*z. Let m = u + 77. Let y = -46 - m. Is y prime?
False
Let r(f) = -f**3 - 17*f**2 + f + 2. Let g(v) = 2*v**3 + 35*v**2 - 2*v - 3. Let n(a) = -6*g(a) - 13*r(a). Suppose -2*y = u + 1, 2*y - 7 = 1. Is n(u) prime?
True
Suppose 2 + 0 = k. Let b be k*((-6)/(-4))/(-3). Is (-13)/(b*3/3) prime?
True
Suppose -6*k + 4*k = -4. Suppose 5*w - 15 = -f - 1, -k = 5*f + w. Is (12/(-24))/(f/526) a prime number?
True
Let f = 410 - -4268. Suppose 4*s - f = -386. Is s a composite number?
True
Suppose -31*l + 34*l = 711. Let a = l - 98. Is a a prime number?
True
Let n = 27014 + -6273. Is n a prime number?
False
Let n = 4147 - 1968. Is n a composite number?
False
Let w(u) = 139*u - 84. Is w(17) a composite number?
True
Let o be -1 + 5 + (-4)/4. Suppose o*l + 9*l = 9708. Is l a prime number?
True
Let k(m) = 689*m - 413. Is k(20) a composite number?
False
Let u(m) be the first derivative of 1/2*m**2 - 4*m**3 - 3/4*m**4 - 4 + 4*m. Is u(-5) prime?
False
Let u = 16 + -7. Let a be (6/(-24))/((-3)/180). Let m = a - u. Is m prime?
False
Let l = -16431 + 23050. Is l composite?
False
Is -1*(142096/(-5) + (-5)/(-25)) a composite number?
True
Let a(g) = -6*g + 17. Let l(q) = -2*q - 12. Let d = -21 + 21. Let k be l(d). Is a(k) prime?
True
Suppose -19*k + 9719 = -22752. Is k prime?
True
Let p(u) = -u**3 + 17*u**2 + 5*u + 19. Let h be p(8). Suppose -3*k + h = 2*k. Is k composite?
False
Suppose -271 - 14 = -19*o. Let h(b) = -b**2 - b + 3. Let f be h(0). Suppose -4*r - c = -5*r + o, -5*r + 67 = f*c. Is r a prime number?
False
Let n = -7 + 12. Suppose 0 = -2*l - 11 + n. Let p(m) = -11*m**3 - 4*m**2 + 2*m + 4. Is p(l) composite?
True
Suppose 20 = v - 102. Suppose x - v - 95 = -3*k, -2*x - 3*k = -428. Is x composite?
False
Let u = -8070 + 2416. Is (u/(-33))/(4/6) a prime number?
True
Suppose -34*c + 198847 = -87399. Is c prime?
True
Let d = -133 + 187. Suppose 758 + d = 4*g. Is g composite?
True
Let u = -293 + 339. Let w be (-2)/(-7) - (-2)/(-7). Suppose 2*s - u = 2*q, 4*q = -w*q - 16. Is s a composite number?
False
Let b = 26 - 6. Let p = b + -22. Is (p/(-3))/((-2)/(-1257)) prime?
True
Suppose 0 = -3*s + v + 90720, -14*s - 3*v = -19*s + 151196. Is s prime?
True
Let t = 11 - 9. Suppose -5*k - t = -27. Suppose -3*x = k*p - 290, 2*x - 58 = -p - x. Is p composite?
True
Let z = -68 + 135. Suppose -3*i + 9 = -2*o, -3*o = 11*i - 6*i - 15. Suppose -218 - z = -i*w. Is w a prime number?
False
Let l(p) be the second derivative of 4*p**4/3 + 11*p**3/6 - 5*p**2 - 9*p. Is l(7) a prime number?
False
Suppose j - 19 - 120 = 0. Suppose 4*b + j = 1391. Suppose 201 + b = 2*k. Is k composite?
False
Suppose -2 = 8*l - 18. Suppose 2*q + 507 = b, l*b - 375 = -3*q + 611. Is b composite?
False
Let o(j) be the third derivative of 0*j + 3*j**2 - 5/6*j**3 - 5/4*j**4 + 0. Is o(-7) composite?
True
Let m be 54*(-3)/(27/(-6)). Let b = m + -361. Let h = -60 - b. Is h prime?
False
Suppose -13*s = -11*s - 23158. Is s prime?
True
Suppose 0 = 2*l - t + 3*t - 2882, -5*t = l - 1461. Is (21/14)/(6/l) a prime number?
True
Let d = 3 - 2. Suppose -12*i - 39 + 87 = 0. Is i - d - 0/3 prime?
True
Suppose 5*q = -39 - 6. Is q/(-18)*1*4078 composite?
False
Suppose 4*y = -3*v + 471, -5*v - 5*y + 892 - 107 = 0. Is v composite?
False
Suppose 543 = 5*m - 32. Let q = 373 - m. Let k = 155 + q. Is k prime?
False
Is (-1 + (-8)/(-6))/((-94)/(-1128282)) composite?
False
Suppose 5*y + 17*a - 6430 = 18*a, -4*y - 3*a + 5125 = 0. Is y a composite number?
True
Let z = -15788 + 27609. Is z composite?
False
Let w(t) = 5*t - 7*t**2 - 7 + 9*t**2 - 11*t - t**3. Let p = 2 - 8. Is w(p) a composite number?
False
Let x(u) = 152*u - 9. Suppose -h - 5*z = -4*h + 25, 3*z - 9 = -3*h. Is x(h) a composite number?
False
Let t = -67 - -69. Is t/4 - 4210/(-20) a prime number?
True
Let l(f) = 1849*f**2 + 27*f + 13. Is l(5) composite?
True
Suppose -13*w + 3*v = -15*w + 31766, w - 3*v = 15865. Is w prime?
True
Let i = 14 - 22. Let v(r) = 14*r**2 - 8*r + 17. Is v(i) prime?
True
Let r(v) = 13*v**2 - 2. Let c(w) = -w**3 + 2*w**2 + 5*w - 3. Let k be c(3). Let f be k - 1 - (-14)/(-2). Is r(f) a prime number?
False
Suppose -2*d + 9*d + 21 = 0. Let o be (-5 + 2)/d*2209. Suppose 3*k + 5*u - 1329 = 0, -5*k - u = -o - 6. Is k composite?
False
Let f be 6*1*(-60)/(-45). Let r be ((-4)/f + 2)*2. Is ((-25)/r)/((-2)/6) a composite number?
True
Suppose -n + 2*w + 1906 = 3*n, -3*w = -5*n + 2382. Suppose -1692 - n = -3*d. Suppose 4*y + 71 = d. Is y a prime number?
True
Is 1*(-6)/21 - (-23480)/56 composite?
False
Is (-48242 - 0)*(-175)/350 a composite number?
False
Suppose -21926 = -3*n - 4*m + 29947, m - 17291 = -n. Is n a composite number?
False
Suppose -h + 10 = -4. Let b(a) = a**2 + 8*a - 21. Is b(h) composite?
True
Let n(t) = 158*t**3 - t**2 + t - 1. Suppose 0*z = 3*z - 15, 3*l + 10 = -z. Let b(m) = -m**2 - 6*m - 4. Let w be b(l). Is n(w) composite?
False
Let n be (4/(-6))/(3/(-18)). Let q = n - 9. Is 67*q*1/(-5) prime?
True
Let g(r) = 3*r**3 - 1 + 7*r**2 + 2*r + 12 - 10*r. Is g(5) composite?
False
Suppose 0 = -y + 7*p - 6*p + 1316, -4*p = 3*y - 3941. Is y composite?
True
Suppose 795 - 63 = 4*q. Suppose 4*c - q = 21. Is c a composite number?
True
Let h = 74515 - 49502. Is h a prime number?
True
Suppose -5*a - 30 = -3*f, -f + 12 = 5*a - 6*a. Is 18/(-45) - (-20901)/f prime?
False
Let t(i) = -8*i**3 + 12*i**2 + 7*i + 18. Is t(-13) prime?
True
Suppose -3*d + 4*d - 4 = 0. Suppose 532 = 4*f - g + 3*g, -16 = d*g. Let x = f + 86. Is x a composite number?
True
Is (-773565)/(-130)*4/6 a composite number?
False
Let k be 27 - (-4 + 3)*-3. Suppose 2*m - 4*p - k = 0, 0 = -2*p - p - 15. Let h(j) = 54*j + 1. Is h(m) a prime number?
True
Suppose 4*g = -3*l + 3459, 4*l + l + 836 = g. Suppose i = 4*a + g, 3*i + 3*a - 2627 = 4*a. Is i composite?
False
Let o = 1223 - -2484. Is o a composite number?
True
Let t(h) = 655*h + 14. Let y(l) = -327*l - 7. Let b(q) = 3*t(q) + 7*y(q). Is b(-2) a prime number?
True
Let w be -2*5/10*-4. Suppose w*f + 4 - 584 = 0. Is f a prime number?
False
Suppose -62*m = -14*m - 558672. Is m a composite number?
True
Let z be -3 + -3 + 8 + 0. Suppose -3*p = -p - 8. Suppose -p*t = -2*w - 508, -3*w - z*w + 127 = t. Is t composite?
False
Suppose -n - 12 = 3*n, n - 9 = -4*z. Suppose z - 254 = -d. Is d prime?
True
Suppose -5*f = u - 2*u + 466, 0 = 4*u - 4. Let o = 27 + f. Let h = o - -244. Is h composite?
True
Suppose 0*v = 2*i + 5*v - 25, -4*i + 5*v = 25. Let a = i + 1. Let h(f) = 652*f**2 + 1. Is h(a) a composite number?
False
Is ((-400168)/16 - -3)*-2 + -4 composite?
True
Let b = 9282 - -15821. Is b a composite number?
True
Suppose 0 = -p + 3*p - 14594. Is p a prime number?
True
Let n(w) = w**3 + 5*w**2 + 4*w + 4. Let i be n(-4). Let q(h) = 0 + i - h - 3*h + 2. Is q(-5) a prime number?
False
Suppose -2*i + 4*j + 12762 = 0, -10*i + 7*i = 3*j - 19179. Is i prime?
True
Let q be (20/4)/((-6)/(-12)). Suppose 11*d - 7819 = q*d. Is d composite?
True
Let n(b) = -192*b - 7. Let s(t) = 4*t - 25. Let d be s(6). Is n(d) prime?
False
Let t = 1 - 7. Let q(i) = 5*i**3 + 13*i**2 + 5*i + 7. Let j(y) = y**3 + y**2 + y. Let z(f) = -4*j(f) + q(f). Is z(t) a prime number?
True
Suppose -286*d + 290*d - 5636 = 0. Is d prime?
True
Let l be 5 - (-5 + 4)*-1. Suppose 2 = -r - 1, -4*t + l*r = -12. Let m(p) = -2*p + 97. Is m(t) a composite number?
False
Suppose -57109 - 34507 = -32*c. Is c prime?
False
Suppose -4*w - 975 = y - 6*y, -990 = -5*y + w. Let r = 360 - y. Is r composite?
True
Suppose -4*b + 2120 = -2*o, 4*b + 240 - 2360 = o. Is b/(0 - (-2 - 0)) composite?
True
Suppose 4*j - 64057 = 2*u + 3*u, -5*j - u + 80064 = 0. Is j a composite number?
True
Let q be (-15 - 3)*1/(-2). Suppose -3*o = u - q, -o - o + 6 = u. Suppose o*f - 11 = 436. Is f prime?
True
Let f = -19 + 34. Is (2 + 329)/(-14 + f) a prime number?
True
Suppose 108 + 6 = 6*b. Let g = b + -17. Suppose -2*n + 1564 = g*n. Is n a prime number?
False
Suppose 4*p = 348 + 1736. Suppose 4*u - p + 65 = 0. Suppose 2*r - u = 112. Is r composite?
False
Suppose 0 = 5*c - 9*v + 10*v + 26, -6 = 2*c - 4*v. Let h(j) be the first derivative of 26*j**3/3 + j**2/2 - 10*j + 2. Is h(c) prime?
False
Suppose 79*o = 56*o + 241385. Is o a prime number?
False
Let k = 151338 + -92321. Is k a pri